{"id":64,"date":"2018-12-22T23:35:13","date_gmt":"2018-12-22T22:35:13","guid":{"rendered":"http:\/\/www.questaelamiastoria.com\/?page_id=64"},"modified":"2019-04-23T23:40:23","modified_gmt":"2019-04-23T21:40:23","slug":"marangon-romano","status":"publish","type":"page","link":"https:\/\/www.questaelamiastoria.com\/?page_id=64","title":{"rendered":"Marangon Romano"},"content":{"rendered":"\n<div class=\"wp-block-image\"><figure class=\"alignleft is-resized\"><img decoding=\"async\" loading=\"lazy\" src=\"http:\/\/www.questaelamiastoria.com\/wp-content\/uploads\/2018\/12\/romano-2-423x1024.jpg\" alt=\"\" class=\"wp-image-67\" width=\"127\" height=\"308\" srcset=\"https:\/\/www.questaelamiastoria.com\/wp-content\/uploads\/2018\/12\/romano-2-423x1024.jpg 423w, https:\/\/www.questaelamiastoria.com\/wp-content\/uploads\/2018\/12\/romano-2-124x300.jpg 124w, https:\/\/www.questaelamiastoria.com\/wp-content\/uploads\/2018\/12\/romano-2.jpg 764w\" sizes=\"(max-width: 127px) 100vw, 127px\" \/><\/figure><\/div>\n\n\n\n<p>Mrangon Romano  10 settembre 1945               21 giugno 2017<\/p>\n\n\n\n<p><\/p>\n\n\n\n<p>Marangon Romano \u00e8 il secondo dei tre fratelli ed \u00e8 nato a Jesolo .  Ha  frequentato la scuola elementare di Jesolo Lido in Piazza Trieste . Cominci\u00f2 a lavorare dalle elementari. Alla mattina a scuola al pomeriggio al lavoro presso un negozio di abbigliamento di Eraclea a circa 10 Km da casa. Partiva subito dopo la scuola e rientrava alla sera. Terminata la scuola continu\u00f2 per un periodo a lavorare ad Eraclea.<\/p>\n\n\n\n<p>Con la sorella Marisa cominci\u00f2 poi ad aiutare il padre Clemente in negozio. Successivamente, avendo la sorella scelto di entrare in congregazione come suora a Venezia , dovette prendere le redini del negozio assieme al padre. Dedic\u00f2 la sua vita al  lavoro  con passione, generosit\u00e0, ed onest\u00e0 . In una prospettiva futura modific\u00f2 gli articoli di vendita e l&#8217;impostazione del negozio  cercando di seguire le tendenze e i mutamenti dei periodi. <\/p>\n\n\n\n<p>Si spos\u00f2 nel 1973 il 21 ottobre con Silvana , che rimase sempre al suo fianco, continuando con Lui a gestire il negozio &#8220;Marangoni&#8221; in Via Bafile 63  .<\/p>\n\n\n\n<p>Circa nel 2010 venne  portato   urgentemente al pronto soccorso di Jesolo. Venne dimesso lo stesso giorno con la motivazione di stress e di fare degli esami ulteriori all&#8217; ospedale di San Don\u00e0 di Piave.  Romano decise quei giorni di stessi quando andava a Treviso dove acquistava la merce del negozio di passare per San Don\u00e0 di Piave per prenotare o fare questi esami richiesti. Arrivato all&#8217; ospedale venne tenuto immediatamente dentro , avendo i dottori riscontrato che aveva avuto  infarto  precedente grave e che necessitava di ricovero urgente in isolamneto e  sotto controllo .<\/p>\n\n\n\n<p>Alla fine  dell&#8217; anno 2016 cominciava ad avere dei formicolii saltuari al braccio. In febbraio 2017 andava per alcuni giorni in ferie alle Canarie. Al ritorno a casa cominci\u00f2 ad avere delle difficolt\u00e0 motorie con dei dolori in particolare  alla schiena. Ha cominciato a fare diversi esami per individuare la causa del male, che purtroppo progrediva molto velocemente. Venne diagnosticato un tumore alle ossa ed ai polmoni. Troppo tardi anche per intervenire con la chemio , fatta poi solo a fini pagliativi . Fece due chemio . L&#8217;ultimo periodo fu molto doloroso , ma sono convinto che Romano abbia  affrontato questo periodo  con molta forza e tenacia e volont\u00e0 di superare questo momento . Purtroppo il male inesorabilmente e velocemente si prendeva la sua Vita. Mor\u00ec soffrendo e con molti dolori , attenuati un po dalla morfina il 21 giugno 2017 in casa.<\/p>\n\n\n\n<p>Ciao Romano.<\/p>\n\n\n\n<div class=\"wp-block-image\"><figure class=\"alignleft\"><img decoding=\"async\" loading=\"lazy\" width=\"455\" height=\"299\" src=\"http:\/\/www.questaelamiastoria.com\/wp-content\/uploads\/2018\/12\/immagine-2.png\" alt=\"\" class=\"wp-image-74\" srcset=\"https:\/\/www.questaelamiastoria.com\/wp-content\/uploads\/2018\/12\/immagine-2.png 455w, https:\/\/www.questaelamiastoria.com\/wp-content\/uploads\/2018\/12\/immagine-2-300x197.png 300w\" sizes=\"(max-width: 455px) 100vw, 455px\" \/><figcaption>22 giugno 2017<\/figcaption><\/figure><\/div>\n\n\n\n<div class=\"wp-block-image\"><figure class=\"alignleft\"><img decoding=\"async\" loading=\"lazy\" width=\"167\" height=\"331\" src=\"http:\/\/www.questaelamiastoria.com\/wp-content\/uploads\/2018\/12\/immagine-1.png\" alt=\"\" class=\"wp-image-73\" srcset=\"https:\/\/www.questaelamiastoria.com\/wp-content\/uploads\/2018\/12\/immagine-1.png 167w, https:\/\/www.questaelamiastoria.com\/wp-content\/uploads\/2018\/12\/immagine-1-151x300.png 151w\" sizes=\"(max-width: 167px) 100vw, 167px\" \/><figcaption>24 giugno 2017<\/figcaption><\/figure><\/div>\n\n\n\n<p><br><\/p>\n","protected":false},"excerpt":{"rendered":"<p>Mrangon Romano 10 settembre 1945 21 giugno 2017 Marangon Romano \u00e8 il secondo dei tre fratelli ed \u00e8 nato a Jesolo . Ha frequentato la scuola elementare di Jesolo Lido in Piazza Trieste . Cominci\u00f2&hellip;<\/p>\n","protected":false},"author":1,"featured_media":0,"parent":0,"menu_order":0,"comment_status":"closed","ping_status":"closed","template":"","meta":[],"_links":{"self":[{"href":"https:\/\/www.questaelamiastoria.com\/index.php?rest_route=\/wp\/v2\/pages\/64"}],"collection":[{"href":"https:\/\/www.questaelamiastoria.com\/index.php?rest_route=\/wp\/v2\/pages"}],"about":[{"href":"https:\/\/www.questaelamiastoria.com\/index.php?rest_route=\/wp\/v2\/types\/page"}],"author":[{"embeddable":true,"href":"https:\/\/www.questaelamiastoria.com\/index.php?rest_route=\/wp\/v2\/users\/1"}],"replies":[{"embeddable":true,"href":"https:\/\/www.questaelamiastoria.com\/index.php?rest_route=%2Fwp%2Fv2%2Fcomments&post=64"}],"version-history":[{"count":10,"href":"https:\/\/www.questaelamiastoria.com\/index.php?rest_route=\/wp\/v2\/pages\/64\/revisions"}],"predecessor-version":[{"id":89,"href":"https:\/\/www.questaelamiastoria.com\/index.php?rest_route=\/wp\/v2\/pages\/64\/revisions\/89"}],"wp:attachment":[{"href":"https:\/\/www.questaelamiastoria.com\/index.php?rest_route=%2Fwp%2Fv2%2Fmedia&parent=64"}],"curies":[{"name":"wp","href":"https:\/\/api.w.org\/{rel}","templated":true}]}}

<div class="wp-block-image"><figure class="alignleft is-resized"><img decoding="async" loading="lazy" src="http://www.questaelamiastoria.com/wp-content/uploads/2018/12/romano-2-423x1024.jpg" alt="" class="wp-image-67" width="127" height="308" srcset="https://www.questaelamiastoria.com/wp-content/uploads/2018/12/romano-2-423x1024.jpg 423w, https://www.questaelamiastoria.com/wp-content/uploads/2018/12/romano-2-124x300.jpg 124w, https://www.questaelamiastoria.com/wp-content/uploads/2018/12/romano-2.jpg 764w" sizes="(max-width: 127px) 100vw, 127px" /></figure></div>



<p>Mrangon Romano  10 settembre 1945               21 giugno 2017</p>



<p></p>



<p>Marangon Romano è il secondo dei tre fratelli ed è nato a Jesolo .  Ha  frequentato la scuola elementare di Jesolo Lido in Piazza Trieste . Cominciò a lavorare dalle elementari. Alla mattina a scuola al pomeriggio al lavoro presso un negozio di abbigliamento di Eraclea a circa 10 Km da casa. Partiva subito dopo la scuola e rientrava alla sera. Terminata la scuola continuò per un periodo a lavorare ad Eraclea.</p>



<p>Con la sorella Marisa cominciò poi ad aiutare il padre Clemente in negozio. Successivamente, avendo la sorella scelto di entrare in congregazione come suora a Venezia , dovette prendere le redini del negozio assieme al padre. Dedicò la sua vita al  lavoro  con passione, generosità, ed onestà . In una prospettiva futura modificò gli articoli di vendita e l&#8217;impostazione del negozio  cercando di seguire le tendenze e i mutamenti dei periodi. </p>



<p>Si sposò nel 1973 il 21 ottobre con Silvana , che rimase sempre al suo fianco, continuando con Lui a gestire il negozio &#8220;Marangoni&#8221; in Via Bafile 63  .</p>



<p>Circa nel 2010 venne  portato   urgentemente al pronto soccorso di Jesolo. Venne dimesso lo stesso giorno con la motivazione di stress e di fare degli esami ulteriori all&#8217; ospedale di San Donà di Piave.  Romano decise quei giorni di stessi quando andava a Treviso dove acquistava la merce del negozio di passare per San Donà di Piave per prenotare o fare questi esami richiesti. Arrivato all&#8217; ospedale venne tenuto immediatamente dentro , avendo i dottori riscontrato che aveva avuto  infarto  precedente grave e che necessitava di ricovero urgente in isolamneto e  sotto controllo .</p>



<p>Alla fine  dell&#8217; anno 2016 cominciava ad avere dei formicolii saltuari al braccio. In febbraio 2017 andava per alcuni giorni in ferie alle Canarie. Al ritorno a casa cominciò ad avere delle difficoltà motorie con dei dolori in particolare  alla schiena. Ha cominciato a fare diversi esami per individuare la causa del male, che purtroppo progrediva molto velocemente. Venne diagnosticato un tumore alle ossa ed ai polmoni. Troppo tardi anche per intervenire con la chemio , fatta poi solo a fini pagliativi . Fece due chemio . L&#8217;ultimo periodo fu molto doloroso , ma sono convinto che Romano abbia  affrontato questo periodo  con molta forza e tenacia e volontà di superare questo momento . Purtroppo il male inesorabilmente e velocemente si prendeva la sua Vita. Morì soffrendo e con molti dolori , attenuati un po dalla morfina il 21 giugno 2017 in casa.</p>



<p>Ciao Romano.</p>



<div class="wp-block-image"><figure class="alignleft"><img decoding="async" loading="lazy" width="455" height="299" src="http://www.questaelamiastoria.com/wp-content/uploads/2018/12/immagine-2.png" alt="" class="wp-image-74" srcset="https://www.questaelamiastoria.com/wp-content/uploads/2018/12/immagine-2.png 455w, https://www.questaelamiastoria.com/wp-content/uploads/2018/12/immagine-2-300x197.png 300w" sizes="(max-width: 455px) 100vw, 455px" /><figcaption>22 giugno 2017</figcaption></figure></div>



<div class="wp-block-image"><figure class="alignleft"><img decoding="async" loading="lazy" width="167" height="331" src="http://www.questaelamiastoria.com/wp-content/uploads/2018/12/immagine-1.png" alt="" class="wp-image-73" srcset="https://www.questaelamiastoria.com/wp-content/uploads/2018/12/immagine-1.png 167w, https://www.questaelamiastoria.com/wp-content/uploads/2018/12/immagine-1-151x300.png 151w" sizes="(max-width: 167px) 100vw, 167px" /><figcaption>24 giugno 2017</figcaption></figure></div>



<p><br></p>

<p>Mrangon Romano 10 settembre 1945 21 giugno 2017 Marangon Romano è il secondo dei tre fratelli ed è nato a Jesolo . Ha frequentato la scuola elementare di Jesolo Lido in Piazza Trieste . Cominciò&hellip;</p>
