{"id":2,"date":"2013-12-18T20:16:44","date_gmt":"2013-12-18T19:16:44","guid":{"rendered":"http:\/\/www.questaelamiastoria.com\/?page_id=2"},"modified":"2024-12-16T22:13:51","modified_gmt":"2024-12-16T21:13:51","slug":"pagina-di-esempio","status":"publish","type":"page","link":"https:\/\/www.questaelamiastoria.com\/?page_id=2","title":{"rendered":"Clemente  Marangon"},"content":{"rendered":"<p>&nbsp;<\/p>\n<p class=\"separator\" style=\"clear: both; text-align: center;\"><a style=\"margin-left: 1em; margin-right: 1em;\" href=\"http:\/\/4.bp.blogspot.com\/-1DtcW3m6Xrw\/Uqui_E56yhI\/AAAAAAAAACI\/K4eude_LK7I\/s1600\/cle+let.jpg\"><img decoding=\"async\" loading=\"lazy\" alt=\"\" src=\"http:\/\/4.bp.blogspot.com\/-1DtcW3m6Xrw\/Uqui_E56yhI\/AAAAAAAAACI\/K4eude_LK7I\/s1600\/cle+let.jpg\" width=\"320\" height=\"236\" border=\"0\" \/><\/a><\/p>\n<p>&nbsp;<\/p>\n<div style=\"text-align: center;\">\n<p><b>Marangon Clemente\u00a0\u00a0 Robol Letizia<\/b><\/p>\n<\/div>\n<div style=\"text-align: left;\"><strong>Ecco i miei genitori.<\/strong><\/div>\n<p><strong>A loro dedico queste poche righe affinch\u00e8 la loro memoria rimanga\u00a0 nel tempo.<\/strong><\/p>\n<p><strong>Marangon Clemente\u00a0\u00a0 (PortoViro-Ro\u00a0 18 aprile 1919 \/ Jesolo Lido-Ve 14 Marzo 1978)<\/strong><\/p>\n<p><strong>Robol Letizia \u00a0 \u00a0 \u00a0 \u00a0 \u00a0 \u00a0\u00a0 (Rovereto -Tn- 10 agosto 1917 \/ Jesolo Lido-Ve 18 dicembre 2011)<\/strong><\/p>\n<p><strong>Negli anni quaranta\u00a0 Clemente svolge il militare a Rovereto , ed \u00e8 qui che conosce Letizia.<\/strong><\/p>\n<p><strong>Si sono sposati nel 1941 e subito dopo il matrimonio sono partiti per Jesolo. Esattamente sono andati a vivere a Cortellazzo in Via Asmara. La scelta di Jesolo non \u00e8 causale. Un parente vicino (Angelo) era gi\u00e0 a Jesolo . Aveva chiamato Clemente perch\u00e8 riteneva il paese un buon posto per trovare lavoro.<\/strong><\/p>\n<p><strong>Pap\u00e0 aveva lo spirito del commercio \u00e8 cominci\u00f2 il suo lavoro con una bicicletta, trasformata in porta mercerie . Andava per famiglie e vendeva i suoi articoli. Certo non poteva avere un magazzino a casa o un deposito . Acquistava a credito piccole quantit\u00e0\u00a0 ma continue in modo da pagare con quello che vendeva. Poi compr\u00f2 una vespa poi una macchina trasformata in furgoncino. Per un periodo fece anche i mercati. Le persone\u00a0 ricordano ancora\u00a0 il suo modo di fare sempre cordiale e corretto.Quando oggi incontro queste persone (ancora poche) ascolto con attenzione quello che raccontano dei quei tempi. Ci fu un periodo che prese in affitto l&#8217; albergo Hesperia vicino a piazza Drago. Ma evidentemente non era il suo lavoro perch\u00e8 dopo due tre anni ritorn\u00f2 al commercio. Il primo negozio \u00e8 in Via Pioppi . Poi si trasfer\u00ec in Via Aquileia. Negozio inteso come deposito in quanto durante parte della giornata andava in giro con il furgoncino a vendere. Intanto che il pap\u00e0 era occupato nei suoi giri , la mamma stava in negozio oltre che seguire noi e la casa. Il pap\u00e0 appena possibile ebbe l&#8217;aiuto di mia sorella Marisa (ora missionaria in Brasile) . Marisa lo seguiva sia ai mercati che nei giri con il furgoncino. Un giorno con mia sorella ebbe un incidente grave. Dopo il ponte di Eraclea\u00a0 all &#8216;incrocio ebbe uno scontro con una macchina. Il furgone and\u00f2 gi\u00f9 per l&#8217;argine demolendolo completamente. Per fortuna sia il pap\u00e0 che la sorella ebbero solo delle botte e dei lividi. Jesolo era ancora con poche case,\u00a0 strade non asfaltate. Negli anni 60 in poi a Jesolo inizia il bum economico. Il negozio viene trasferito in Via Bafile. Il negozio non \u00e8 molto grande ma piano piano comincia a farsi una clientela. Caso vuole che il negoziante a fianco si trasferisse in altro posto . Il proprietario conoscendo il pap\u00e0 propose l&#8217;affitto di questo locale ora libero. I due negozi furono allora uniti da un apertura e con il negozio il proprietario diede in affitto anche l&#8217;appartamento che era sopra che si era liberato da poco. Nei primi anni in negozio\u00a0 si trova di tutto. Dalla merceria, all&#8217;intimo, articoli per uomo, donna, bambino. neonato, biancheria da casa come lenzuala , materassi, tende&#8230;..\u00a0 Ci fu un periodo che forniva anche gli alberghi con divise per camerieri, cuoco&#8230;&#8230;. Con ll nuovo boom di Jesolo i negozi cominciavano a crescere e piano piano cominci\u00f2 ad eleminare degli articoli cercando di concentrarsi solo su alcune tipologia. Venne progressivamente eleminato la merceria, le forniture per albergo , il neonato ed il bambino. In pratica concentr\u00f2 la vendita su uomo e donna.\u00a0 Negli ultimi anni della Sua vita il pap\u00e0 realizz\u00f2 il sogno della Sua vita. Riusc\u00ec ad acquistare un terreno dove trascorrere le giornate in mezzo alla campagna e agli animali da cortile. Purtroppo una malattia interruppe questo sogno . Mor\u00ec all&#8217;Ospedale di San Don\u00e0 di Piave il 14 marzo 1978.<\/strong><\/p>\n<div style=\"text-align: left;\"><\/div>\n","protected":false},"excerpt":{"rendered":"<p>&nbsp; &nbsp; Marangon Clemente\u00a0\u00a0 Robol Letizia Ecco i miei genitori. A loro dedico queste poche righe affinch\u00e8 la loro memoria rimanga\u00a0 nel tempo. Marangon Clemente\u00a0\u00a0 (PortoViro-Ro\u00a0 18 aprile 1919 \/ Jesolo Lido-Ve 14 Marzo 1978)&hellip;<\/p>\n","protected":false},"author":1,"featured_media":0,"parent":0,"menu_order":0,"comment_status":"closed","ping_status":"closed","template":"","meta":[],"_links":{"self":[{"href":"https:\/\/www.questaelamiastoria.com\/index.php?rest_route=\/wp\/v2\/pages\/2"}],"collection":[{"href":"https:\/\/www.questaelamiastoria.com\/index.php?rest_route=\/wp\/v2\/pages"}],"about":[{"href":"https:\/\/www.questaelamiastoria.com\/index.php?rest_route=\/wp\/v2\/types\/page"}],"author":[{"embeddable":true,"href":"https:\/\/www.questaelamiastoria.com\/index.php?rest_route=\/wp\/v2\/users\/1"}],"replies":[{"embeddable":true,"href":"https:\/\/www.questaelamiastoria.com\/index.php?rest_route=%2Fwp%2Fv2%2Fcomments&post=2"}],"version-history":[{"count":11,"href":"https:\/\/www.questaelamiastoria.com\/index.php?rest_route=\/wp\/v2\/pages\/2\/revisions"}],"predecessor-version":[{"id":62,"href":"https:\/\/www.questaelamiastoria.com\/index.php?rest_route=\/wp\/v2\/pages\/2\/revisions\/62"}],"wp:attachment":[{"href":"https:\/\/www.questaelamiastoria.com\/index.php?rest_route=%2Fwp%2Fv2%2Fmedia&parent=2"}],"curies":[{"name":"wp","href":"https:\/\/api.w.org\/{rel}","templated":true}]}}

<p>&nbsp;</p>
<p class="separator" style="clear: both; text-align: center;"><a style="margin-left: 1em; margin-right: 1em;" href="http://4.bp.blogspot.com/-1DtcW3m6Xrw/Uqui_E56yhI/AAAAAAAAACI/K4eude_LK7I/s1600/cle+let.jpg"><img decoding="async" loading="lazy" alt="" src="http://4.bp.blogspot.com/-1DtcW3m6Xrw/Uqui_E56yhI/AAAAAAAAACI/K4eude_LK7I/s1600/cle+let.jpg" width="320" height="236" border="0" /></a></p>
<p>&nbsp;</p>
<div style="text-align: center;">
<p><b>Marangon Clemente   Robol Letizia</b></p>
</div>
<div style="text-align: left;"><strong>Ecco i miei genitori.</strong></div>
<p><strong>A loro dedico queste poche righe affinchè la loro memoria rimanga  nel tempo.</strong></p>
<p><strong>Marangon Clemente   (PortoViro-Ro  18 aprile 1919 / Jesolo Lido-Ve 14 Marzo 1978)</strong></p>
<p><strong>Robol Letizia              (Rovereto -Tn- 10 agosto 1917 / Jesolo Lido-Ve 18 dicembre 2011)</strong></p>
<p><strong>Negli anni quaranta  Clemente svolge il militare a Rovereto , ed è qui che conosce Letizia.</strong></p>
<p><strong>Si sono sposati nel 1941 e subito dopo il matrimonio sono partiti per Jesolo. Esattamente sono andati a vivere a Cortellazzo in Via Asmara. La scelta di Jesolo non è causale. Un parente vicino (Angelo) era già a Jesolo . Aveva chiamato Clemente perchè riteneva il paese un buon posto per trovare lavoro.</strong></p>
<p><strong>Papà aveva lo spirito del commercio è cominciò il suo lavoro con una bicicletta, trasformata in porta mercerie . Andava per famiglie e vendeva i suoi articoli. Certo non poteva avere un magazzino a casa o un deposito . Acquistava a credito piccole quantità  ma continue in modo da pagare con quello che vendeva. Poi comprò una vespa poi una macchina trasformata in furgoncino. Per un periodo fece anche i mercati. Le persone  ricordano ancora  il suo modo di fare sempre cordiale e corretto.Quando oggi incontro queste persone (ancora poche) ascolto con attenzione quello che raccontano dei quei tempi. Ci fu un periodo che prese in affitto l&#8217; albergo Hesperia vicino a piazza Drago. Ma evidentemente non era il suo lavoro perchè dopo due tre anni ritornò al commercio. Il primo negozio è in Via Pioppi . Poi si trasferì in Via Aquileia. Negozio inteso come deposito in quanto durante parte della giornata andava in giro con il furgoncino a vendere. Intanto che il papà era occupato nei suoi giri , la mamma stava in negozio oltre che seguire noi e la casa. Il papà appena possibile ebbe l&#8217;aiuto di mia sorella Marisa (ora missionaria in Brasile) . Marisa lo seguiva sia ai mercati che nei giri con il furgoncino. Un giorno con mia sorella ebbe un incidente grave. Dopo il ponte di Eraclea  all &#8216;incrocio ebbe uno scontro con una macchina. Il furgone andò giù per l&#8217;argine demolendolo completamente. Per fortuna sia il papà che la sorella ebbero solo delle botte e dei lividi. Jesolo era ancora con poche case,  strade non asfaltate. Negli anni 60 in poi a Jesolo inizia il bum economico. Il negozio viene trasferito in Via Bafile. Il negozio non è molto grande ma piano piano comincia a farsi una clientela. Caso vuole che il negoziante a fianco si trasferisse in altro posto . Il proprietario conoscendo il papà propose l&#8217;affitto di questo locale ora libero. I due negozi furono allora uniti da un apertura e con il negozio il proprietario diede in affitto anche l&#8217;appartamento che era sopra che si era liberato da poco. Nei primi anni in negozio  si trova di tutto. Dalla merceria, all&#8217;intimo, articoli per uomo, donna, bambino. neonato, biancheria da casa come lenzuala , materassi, tende&#8230;..  Ci fu un periodo che forniva anche gli alberghi con divise per camerieri, cuoco&#8230;&#8230;. Con ll nuovo boom di Jesolo i negozi cominciavano a crescere e piano piano cominciò ad eleminare degli articoli cercando di concentrarsi solo su alcune tipologia. Venne progressivamente eleminato la merceria, le forniture per albergo , il neonato ed il bambino. In pratica concentrò la vendita su uomo e donna.  Negli ultimi anni della Sua vita il papà realizzò il sogno della Sua vita. Riuscì ad acquistare un terreno dove trascorrere le giornate in mezzo alla campagna e agli animali da cortile. Purtroppo una malattia interruppe questo sogno . Morì all&#8217;Ospedale di San Donà di Piave il 14 marzo 1978.</strong></p>
<div style="text-align: left;"></div>

<p>&nbsp; &nbsp; Marangon Clemente   Robol Letizia Ecco i miei genitori. A loro dedico queste poche righe affinchè la loro memoria rimanga  nel tempo. Marangon Clemente   (PortoViro-Ro  18 aprile 1919 / Jesolo Lido-Ve 14 Marzo 1978)&hellip;</p>
